base 5
4134040
Convert 12235313 (base 6) to base 15.
7ba90
Convert -a5aa4 (base 13) to base 2.
-1001000110110110011
122121103330 (base 4) to base 6
404150204
Convert 325534402 (base 7) to base 9.
40827054
What is 86cc9b (base 13) in base 14?
5c7490
Convert -1c974e (base 15) to base 14.
-285b35
9693a (base 11) to base 3
21011021001
-112323011320 (base 4) to base 3
-102022022002021
10323232230 (base 4) to base 3
2102200222100
-49a6b (base 12) to base 6
-2051015
-2444302 (base 6) to base 7
-1052453
-2bc (base 16) to base 15
-31a
Convert -b5733 (base 16) to base 3.
-1101202111122
Convert -301010313 (base 4) to base 2.
-110001000100110111
What is -4677101 (base 8) in base 6?
-43214213
2d98 (base 15) to base 16
265a
-1151568 (base 9) to base 16
-9876b
17623603 (base 8) to base 3
21210021110222
What is -1120783 (base 9) in base 8?
-2234136
What is -1140424 (base 6) in base 12?
-2a714
Convert 456c1 (base 13) to base 6.
2413104
-3045103 (base 6) to base 14
-3b43d
What is 521592 (base 12) in base 10?
1288190
What is -7040123 (base 10) in base 9?
-14220208
Convert 13203110 (base 4) to base 12.
15a98
Convert -db22 (base 16) to base 10.
-56098
Convert -1233012123 (base 4) to base 9.
-763210
-223203311321 (base 4) to base 3
-210111010220222
Convert 13003121 (base 4) to base 15.
885e
12a095 (base 12) to base 6
10332305
-23130 (base 12) to base 6
-1000500
Convert 143104014 (base 6) to base 9.
5482771
10001111100000110001 (base 2) to base 4
2033200301
Convert 458649 (base 10) to base 13.
1309b9
Convert 13a42 (base 12) to base 8.
65422
What is -10e5ae (base 16) in base 2?
-100001110010110101110
15a676 (base 15) to base 16
ffc9f
-a941d (base 14) to base 2
-1100100000001000011
Convert -37654 (base 13) to base 8.
-307401
What is 2316543 (base 8) in base 16?
99d63
What is 12233a (base 12) in base 14?
79330
What is d0439 (base 16) in base 2?
11010000010000111001
What is -101a0 (base 13) in base 5?
-1410420
Convert -465317 (base 8) to base 2.
-100110101011001111
-35ca36 (base 16) to base 14
-67a982
1062141 (base 9) to base 13
1706b6
What is -1277376 (base 8) in base 9?
-608071
What is 1103303132 (base 4) in base 8?
1236336
What is 229718a (base 11) in base 12?
1412715
202310 (base 5) to base 9
10021
36008 (base 11) to base 10
51917
-107313211 (base 8) to base 7
-315041315
Convert 7575327 (base 8) to base 2.
111101111101011010111
What is 32a418 (base 12) in base 11?
500496
Convert 112121220100101 (base 3) to base 16.
769ab3
-1330321143 (base 5) to base 14
-63a2a9
What is -131744 (base 11) in base 2?
-110010100101100000
16610036 (base 8) to base 11
2204174
Convert 162562114 (base 7) to base 12.
3845254
Convert 7432637 (base 10) to base 6.
423150205
Convert 110100101010011010 (base 2) to base 5.
23400311
Convert -386348 (base 10) to base 7.
-3166244
b97a9 (base 13) to base 10
335266
What is 410113521 (base 6) in base 5?
3243231223
12440220 (base 6) to base 10
409620
1efa9 (base 16) to base 13
459a9
Convert 1fab55 (base 16) to base 15.
2aee52
What is -2a24b (base 14) in base 15?
-21071
914371 (base 10) to base 5
213224441
Convert 110213 (base 14) to base 16.
8cc89
Convert 2ba86b7 (base 12) to base 10.
8931307
Convert -63021a (base 11) to base 15.
-14e612
What is 1171a6 (base 11) in base 14?
4b71c
Convert -102200002102200 (base 3) to base 7.
-103500252
What is -100011110101110110010100 (base 2) in base 5?
-4401124404
What is -111010101101110011 (base 2) in base 9?
-405811
Convert 6741126 (base 9) to base 14.
6a6791
1233041 (base 8) to base 16
53621
What is -10000101011111000111100 (base 2) in base 3?
-22020020002211
Convert -22406214 (base 7) to base 6.
-105500003
43885 (base 11) to base 6
1210310
What is -9c329c (base 14) in base 8?
-24203332
What is 172372 (base 13) in base 16?
8cad6
-22202210010201 (base 3) to base 11
-26a3637
Convert a74800 (base 16) to base 15.
e6842e
d135c8 (base 16) to base 9
27716603
Convert 332baa (base 14) to base 15.
2447c9
Convert -20010220211 (base 3) to base 11.
-8296a
What is 20201312000 (base 4) in base 11?
1297854
Convert 140531012 (base 6) to base 3.
12100101222022
-3434137 (base 8) to base 14
-1a38ab
5713687 (base 9) to base 5
1242023421
What is -21033151 (base 6) in base 2?
-10010101001100111011
-1140304330 (base 5) to base 11
-1561192
What is 42558 (base 14) in base 16?
271d2
71997 (base 10) to base 5
4300442
Convert 102302400 (base 7) to base 12.
2039b76
Convert 101001010001001001 (base 2) to base 13.
5bc27
-331253 (base 8) to base 5
-12030100
Convert -992e (base 16) to base 7.
-222220
Convert c29330 (base 14) to base 9.
13302175
Convert -411442224 (base 6) to base 14.
-d24bd6
-17167 (base 8) to base 5
-222144
-b01fec (base 16) to base 6
-1051221312
Convert -202210203300 (base 4) to base 8.
-42444360
6723885 (base 10) to base 2
11001101001100100101101
-126686 (base 10) to base 4
-132323132
What is -dc8c8 (base 14) in base 7?
-4353041
-21102001222200 (base 3) to base 13
-a7b60b
What is -17a33b (base 14) in base 15?
-117547
Convert 229c (base 16) to base 5.
240420
What is -85104 (base 16) in base 8?
-2050404
-1212010022201 (base 3) to base 9
-1763281
Convert -166340 (base 7) to base 11.
-23146
What is -112144133 (base 5) in base 13?
-149510
-1011100001111100101 (base 2) to base 15
-76e39
-5713856 (base 10) to base 8
-25627700
What is 35606 (base 14) in base 13?
47317
3033130 (base 6) to base 13
50a4b
-2272144 (base 10) to base 15
-2ed364
1032323023 (base 4) to base 2
1001110111011001011
Convert -1497dde (base 15) to base 13.
-31209b3
140123230 (base 5) to base 2
10101100110101100100
Convert a6a55f (base 16) to base 13.
235501b
-135624 (base 10) to base 6
-2523520
Convert 1110000000000100010000 (base 2) to base 5.
1414422123
What is 10088 (base 9) in base 10?
6641
11110433 (base 5) to base 13
35581
Convert 1232046 (base 7) to base 3.
22002100210
What is ab247 (base 14) in base 5?
101233144
What is -132350432 (base 7) in base 5?
-4141031443
-202100110 (base 4) to base 2
-100010010000010100
Convert 2012012012002 (base 3) to base 10.
1165079
What is 28050751 (base 9) in base 16?
d35904
What is -1ac9a0 (base 16) in base 6?
-101343320
125411511 (base 6) to base 3
11201021222221
Convert 1033210222 (base 4) to base 10.
325930
Convert -1005b (base 12) to base 16.
-5147
What is 31632155 (base 7) in base 12?
aa09a2
Convert 17e5d (base 16) to base 5.
11113020
-22320410 (base 5) to base 7
-1453634
Convert -4515a (base 14) to base 5.
-20331120
-22015424 (base 7) to base 10
-1886714
What is -1413232103 (base 5) in base 7?
-43005365
What is 453a8 (base 14) in base 8?
510270
What is 23033300221 (base 4) in base 16?
2cfc29
Convert -1d1804 (base 15) to base 16.
-15b557
What is 46741c (base 14) in base 15?
3269aa
-332598 (base 10) to base 9
-556213
What is 1011111000111100 (base 2) in base 8?
137074
What is -446887 (base 9) in base 6?
-5422341
-704c11 (base 14) to base 4
-32122120333
Convert 10111110101100001110 (base 2) to base 9.
1420375
What is 68c0e3 (base 15) in base 8?
23051353
Convert 366a1 (base 14) to base 5.
13224104
-1303321 (base 4) to base 8
-16371
What is -4153755 (base 10) in base 6?
-225010203
-1430040222 (base 5) to base 4
-32110021302
What is -671200 (base 8) in base 10?
-225920
What is -223231000 (base 4) in base 3?
-100002112221
Convert 66856 (base 14) to base 16.
3cb1c
196394 (base 12) to base 13
128230
What is -324016 (base 11) in base 5?
-113032101
252111 (base 8) to base 11
5a4a4
Convert 242d3e (base 15) to base 2.
110100110100110101000
What is 11924 (base 12) in base 9?
35561
4a299 (base 12) to base 3
12010001000
20220020212 (base 3) to base 2
100001001001100011
2110111212121 (base 3) to base 4
10333220020
-42616861 (base 9) to base 4
-1032123230302
What is -100001011010010000110110 (base 2) in base 14?
-123db4a
131384 (base 10) to base 12
64048
What is 1430202 (base 5) in base 14?
ad48
214004422 (base 5) to base 10
922487
Convert -2ba27a (base 12) to base 5.
-142242142
-112fb6 (base 16) to base 3
-2010020000210
Convert 51103 (base 10) to base 6.
1032331
What is 3354421 (base 7) in base 5?
101320311
-201884 (base 9) to base 3
-20001222211
What is -a4852a (base 13) in base 8?
-16526777
-21331313 (base 4) to base 16
-9f77
Convert -4642314 (base 7) to base 12.
-2408a6
What is -237395b (base 12) in base 5?
-3224321132
-33827 (bas